e?
True
Is 1840236701 prime?
True
Is 20490232853 a composite number?
False
Is 9562079693 a composite number?
False
Is 49974271147 a prime number?
True
Is 1223560033 composite?
False
Is 13634839529 a composite number?
False
Is 519920651 prime?
True
Is 4112462531 composite?
True
Is 1937397103 a composite number?
True
Is 341155253 prime?
False
Is 11305579303 prime?
False
Is 25527328709 a prime number?
False
Is 2135610055 composite?
True
Is 30103286 composite?
True
Is 38901731243 composite?
True
Is 14265589087 a composite number?
True
Is 941455693 a prime number?
True
Is 1028465377 a composite number?
True
Is 7948545463 composite?
False
Is 654766537 a prime number?
False
Is 58625863 composite?
False
Is 32764823671 a composite number?
True
Is 3552868211 a prime number?
True
Is 1977597949 prime?
True
Is 2222735027 prime?
True
Is 15956509265 composite?
True
Is 1375785311 composite?
True
Is 415971329 prime?
False
Is 883313861 a composite number?
True
Is 5201886643 prime?
True
Is 799693129 prime?
False
Is 2859604337 prime?
False
Is 52689937 prime?
True
Is 34300513259 a prime number?
True
Is 3812523529 a prime number?
True
Is 2335065409 prime?
False
Is 1969200613 a composite number?
False
Is 1512302039 a composite number?
False
Is 4622976895 prime?
False
Is 2011047811 a composite number?
True
Is 80483869 prime?
True
Is 166336245373 a composite number?
True
Is 5544287933 prime?
False
Is 19553567971 a prime number?
False
Is 1041658705 a composite number?
True
Is 3504981869 a composite number?
True
Is 15238887461 composite?
True
Is 299473843 prime?
False
Is 56179068791 prime?
True
Is 923039527 prime?
False
Is 104344763 prime?
False
Is 643201606 a prime number?
False
Is 1175147003 composite?
True
Is 249802573 a prime number?
False
Is 1780157777 a prime number?
False
Is 2304751903 a prime number?
True
Is 69145007423 prime?
False
Is 224012038 prime?
False
Is 145254133 a prime number?
True
Is 289979869813 composite?
False
Is 2556836903 a prime number?
True
Is 29863396583 a prime number?
True
Is 4691683609 a prime number?
True
Is 118278466357 prime?
True
Is 58362876911 a composite number?
False
Is 25485203 prime?
False
Is 3606975937 a composite number?
False
Is 1691778467 composite?
True
Is 357990337 a composite number?
False
Is 7291433 prime?
False
Is 155865727 a composite number?
False
Is 12126659213 composite?
False
Is 1772924563 composite?
False
Is 2275920233 a prime number?
True
Is 2523986791 a prime number?
False
Is 381269813 a prime number?
True
Is 2001111403 composite?
True
Is 23737970201 prime?
False
Is 314633659 a composite number?
False
Is 724002115 prime?
False
Is 122647811863 a prime number?
True
Is 90921693207 composite?
True
Is 17596685903 a composite number?
False
Is 53235796463 prime?
False
Is 16470045527 a composite number?
True
Is 15804714823 prime?
False
Is 51074364581 a composite number?
True
Is 11680321105 a prime number?
False
Is 356927629 a prime number?
False
Is 38924490383 a composite number?
False
Is 204789812551 composite?
False
Is 127962007517 a composite number?
False
Is 427371103 a prime number?
True
Is 849709877 prime?
False
Is 1838931461 a prime number?
False
Is 7748842651 prime?
False
Is 754359677 composite?
False
Is 2531126901 a composite number?
True
Is 48506416357 composite?
True
Is 754716685 prime?
False
Is 1717809547 a composite number?
True
Is 28767037349 composite?
False
Is 8247337591 a prime number?
False
Is 11649815053 prime?
True
Is 9690329 prime?
False
Is 1997027399 a prime number?
True
Is 909668047 composite?
False
Is 614962553 composite?
True
Is 19387723769 prime?
True
Is 34907589929 a prime number?
True
Is 2669933859 composite?
True
Is 177699488773 prime?
True
Is 8025716497 a composite number?
False
Is 1070027359 prime?
False
Is 24030289 a prime number?
True
Is 69735897853 a composite number?
False
Is 934523519 prime?
False
Is 2999824777 a prime number?
False
Is 870442381 prime?
False
Is 11356544035 a prime number?
False
Is 295194143 a prime number?
True
Is 19420374527 prime?
True
Is 6340903111 composite?
True
Is 3190745617 a composite number?
True
Is 11966405639 prime?
False
Is 133657755047 a composite number?
False
Is 6683525579 a composite number?
True
Is 6113248369 prime?
False
Is 4137073289 composite?
True
Is 3518922527 a composite number?
False
Is 15290350081 a prime number?
True
Is 12268296622 prime?
False
Is 293619131 prime?
False
Is 20509759453 composite?
True
Is 205634711969 a prime number?
True
Is 2293527958 a prime number?
False
Is 319138933 a prime number?
False
Is 13218097147 a composite number?
False
Is 4871847713 prime?
True
Is 9885527 composite?
True
Is 2507015347 a composite number?
True
Is 119370381742 a prime number?
False
Is 2693274977 prime?
False
Is 2850764897 prime?
True
Is 91061969789 prime?
False
Is 923362777 composite?
False
Is 7271758979 a prime number?
True
Is 45249559 composite?
True
Is 9436516081 composite?
False
Is 1378516847 prime?
True
Is 830590139 prime?
True
Is 371461859 composite?
True
Is 39981800087 a prime number?
True
Is 11076465733 a composite number?
True
Is 69870052079 a prime number?
False
Is 67477819093 composite?
False
Is 450052814689 a composite number?
False
Is 4722818207 a prime number?
True
Is 484805411 prime?
True
Is 23840611503 prime?
False
Is 600653831 prime?
False
Is 167829358747 a composite number?
True
Is 3520291871 a composite number?
True
Is 19490184601 a composite number?
True
Is 6764693827 a composite number?
True
Is 8909701643 prime?
True
Is 8650063 prime?
False
Is 3112761563 composite?
True
Is 224690009 a composite number?
False
Is 1093329409 a prime number?
False
Is 123523129 composite?
False
Is 384163757 prime?
False
Is 2036665151 prime?
True
Is 662981131 composite?
False
Is 12964943731 composite?
True
Is 146071606033 a prime number?
True
Is 9329380073 a composite number?
True
Is 159420398747 a composite number?
False
Is 401848661 a prime number?
False
Is 1468758523 composite?
True
Is 2052388213 a composite number?
False
Is 138911354009 a composite number?
False
Is 1711504909 prime?
False
Is 55149625399 a composite number?
True
Is 17261855227 a composite number?
False
Is 41182835741 a composite number?
False
Is 2774032291 composite?
True
Is 206833919 a composite number?
True
Is 121273160699 composite?
False
Is 337989889 a composite number?
True
Is 770140951 a composite number?
True
Is 13493233483 a composite number?
True
Is 5813275291 a prime number?
True
Is 692066281 a prime number?
True
Is 8171854103 a composite number?
True
Is 991927609 composite?
False
Is 908815951 prime?
False
Is 457046251 a prime number?
False
Is 119845571 composite?
True
Is 969100027 a composite number?
True
Is 480284971 composite?
True
Is 196609949 prime?
False
Is 1175921743 a prime number?
False
Is 50705761 a composite number?
True
Is 14251911197 composite?
False
Is 51134488469 composite?
False
Is 1416163663 prime?
True
Is 580457557 a prime number?
True
Is 115409889121 a prime number?
False
Is 781340753 a composite number?
False
Is 3356432047 a composite number?
True
Is 527782777 prime?
False
Is 315305539 prime?
False
Is 19720782353 prime?
False
Is 20073880987 prime?
False
Is 35073265 composite?
True
Is 55181120311 a composite number?
False
Is 18539850358 a composite number?
True
Is 15542776991 composite?
True
Is 21490739639 prime?
True
Is 25267605817 prime?
True
Is 37037263 composite?
True
Is 1361611829 a composite number?
False
Is 1454269759 composite?
False
Is 4185617153 a prime number?
True
Is 155654230411 a composite number?
False
Is 36533195219 prime?
True
Is 6054911321 composite?
True
Is 7037412199 composite?
False
Is 1743111677 composite?
True
Is 3629124607 composite?
False
Is 1098384143 a composite number?
False
Is 434482457 composite?
False
Is 19430547931 prime?
False
Is 1696916731 composite?
False
Is 129479591491 a composite number?
False
Is 425452719 a prime number?
False
Is 6846521887 a prime number?
True
Is 550466011 prime?
False
Is 944910049 a prime number?
True
Is 64057342069 prime?
False
Is 45725194699 a composite number?
False
Is 191432089 composite?
True
Is 8006649943 a prime number?
False
Is 17209364659 a composite number?
True
Is 887305891 a composite number?
True
Is 265954453 a prime number?
True
Is 3571454683 a composite number?
True
Is 8417603339 